{"id":251,"date":"2020-04-25T03:07:18","date_gmt":"2020-04-25T03:07:18","guid":{"rendered":"http:\/\/localhost\/wordpress\/?page_id=251"},"modified":"2020-04-25T03:07:18","modified_gmt":"2020-04-25T03:07:18","slug":"digi3d","status":"publish","type":"page","link":"https:\/\/digitello.tech\/?page_id=251","title":{"rendered":"Digi3d"},"content":{"rendered":"\t\t<div data-elementor-type=\"wp-page\" data-elementor-id=\"251\" class=\"elementor elementor-251\">\n\t\t\t\t\t\t<section class=\"elementor-section elementor-top-section elementor-element elementor-element-69376e94 elementor-section-full_width elementor-section-height-min-height elementor-section-items-stretch elementor-section-height-default\" data-id=\"69376e94\" data-element_type=\"section\" data-e-type=\"section\">\n\t\t\t\t\t\t<div class=\"elementor-container elementor-column-gap-default\">\n\t\t\t\t\t<div class=\"elementor-column elementor-col-100 elementor-top-column elementor-element elementor-element-291d81f0\" data-id=\"291d81f0\" data-element_type=\"column\" data-e-type=\"column\">\n\t\t\t<div class=\"elementor-widget-wrap elementor-element-populated\">\n\t\t\t\t\t\t<div class=\"elementor-element elementor-element-2064e1f elementor--h-position-center elementor--v-position-middle elementor-arrows-position-inside elementor-pagination-position-inside elementor-widget elementor-widget-slides\" data-id=\"2064e1f\" data-element_type=\"widget\" data-e-type=\"widget\" data-settings=\"{&quot;transition&quot;:&quot;fade&quot;,&quot;transition_speed&quot;:1000,&quot;navigation&quot;:&quot;both&quot;,&quot;autoplay&quot;:&quot;yes&quot;,&quot;pause_on_hover&quot;:&quot;yes&quot;,&quot;pause_on_interaction&quot;:&quot;yes&quot;,&quot;autoplay_speed&quot;:5000,&quot;infinite&quot;:&quot;yes&quot;}\" data-widget_type=\"slides.default\">\n\t\t\t\t<div class=\"elementor-widget-container\">\n\t\t\t\t\t\t\t<div class=\"elementor-swiper\">\n\t\t\t<div class=\"elementor-slides-wrapper elementor-main-swiper swiper-container\" dir=\"ltr\" data-animation=\"fadeInUp\">\n\t\t\t\t<div class=\"swiper-wrapper elementor-slides\">\n\t\t\t\t\t\t\t\t\t\t<div class=\"elementor-repeater-item-ac18f5c swiper-slide\"><div class=\"swiper-slide-bg elementor-ken-burns elementor-ken-burns--in\"><\/div><div class=\"swiper-slide-inner\" ><div class=\"swiper-slide-contents\"><\/div><\/div><\/div>\t\t\t\t<\/div>\n\t\t\t\t\t\t\t<\/div>\n\t\t<\/div>\n\t\t\t\t\t\t<\/div>\n\t\t\t\t<\/div>\n\t\t\t\t\t<\/div>\n\t\t<\/div>\n\t\t\t\t\t<\/div>\n\t\t<\/section>\n\t\t\t\t<section class=\"elementor-section elementor-top-section elementor-element elementor-element-2d4842da elementor-section-boxed elementor-section-height-default elementor-section-height-default\" data-id=\"2d4842da\" data-element_type=\"section\" data-e-type=\"section\" data-settings=\"{&quot;background_background&quot;:&quot;classic&quot;}\">\n\t\t\t\t\t\t<div class=\"elementor-container elementor-column-gap-default\">\n\t\t\t\t\t<div class=\"elementor-column elementor-col-100 elementor-top-column elementor-element elementor-element-3662663b\" data-id=\"3662663b\" data-element_type=\"column\" data-e-type=\"column\" data-settings=\"{&quot;background_background&quot;:&quot;classic&quot;}\">\n\t\t\t<div class=\"elementor-widget-wrap elementor-element-populated\">\n\t\t\t\t\t\t<div class=\"elementor-element elementor-element-4847547 elementor-widget elementor-widget-heading\" data-id=\"4847547\" data-element_type=\"widget\" data-e-type=\"widget\" data-widget_type=\"heading.default\">\n\t\t\t\t<div class=\"elementor-widget-container\">\n\t\t\t\t\t<h2 class=\"elementor-heading-title elementor-size-default\">Pr\u00e9sentation interactive de <b> vos biens<\/h2>\t\t\t\t<\/div>\n\t\t\t\t<\/div>\n\t\t\t\t<div class=\"elementor-element elementor-element-5a33102 elementor-widget elementor-widget-text-editor\" data-id=\"5a33102\" data-element_type=\"widget\" data-e-type=\"widget\" data-widget_type=\"text-editor.default\">\n\t\t\t\t<div class=\"elementor-widget-container\">\n\t\t\t\t\t\t\t\t\t<p>Un outil de vente r\u00e9volutionnaire pour les bureaux de vente, Showroom et agence immobiliere.<\/p><p>Nous avons cr\u00e9\u00e9 un outil qui donne aux promoteurs immobiliers la possibilit\u00e9 de pr\u00e9senter leurs projets de mani\u00e8re belle et interactive .<br \/>L&#8217;application fonctionne \u00e0 la fois sur les \u00e9crans tactiles du bureau des ventes et sur VR. Cela vous donne la possibilit\u00e9 de profiter pleinement de son \u00e9norme potentiel.<br \/>L&#8217;application a entre autres la possibilit\u00e9 de visualiser l&#8217; int\u00e9gralit\u00e9 du projet en 3D avec les environs , un moteur de recherche int\u00e9gr\u00e9 au CRM , chaque bien en 3D, des vues depuis la fen\u00eatre de chaque appartement, des plans 2D, des vues avec orientation Est Ouest, et de reserver les appartements et bien plus encore!<br \/>Oubliez vos maquettes A3 et d\u00e9couvrez les possibilit\u00e9s d&#8217;une maquette virtuelle.<\/p><p>\u00a0<\/p>\t\t\t\t\t\t\t\t<\/div>\n\t\t\t\t<\/div>\n\t\t\t\t<section class=\"elementor-section elementor-inner-section elementor-element elementor-element-4f19c991 elementor-section-boxed elementor-section-height-default elementor-section-height-default\" data-id=\"4f19c991\" data-element_type=\"section\" data-e-type=\"section\" data-settings=\"{&quot;background_background&quot;:&quot;classic&quot;}\">\n\t\t\t\t\t\t<div class=\"elementor-container elementor-column-gap-default\">\n\t\t\t\t\t<div class=\"elementor-column elementor-col-50 elementor-inner-column elementor-element elementor-element-6509ab1a\" data-id=\"6509ab1a\" data-element_type=\"column\" data-e-type=\"column\">\n\t\t\t<div class=\"elementor-widget-wrap elementor-element-populated\">\n\t\t\t\t\t\t<div class=\"elementor-element elementor-element-2a0dee5 elementor-widget elementor-widget-image\" data-id=\"2a0dee5\" data-element_type=\"widget\" data-e-type=\"widget\" data-widget_type=\"image.default\">\n\t\t\t\t<div class=\"elementor-widget-container\">\n\t\t\t\t\t\t\t\t\t\t\t\t\t\t\t<img data-recalc-dims=\"1\" decoding=\"async\" src=\"https:\/\/i0.wp.com\/www.digitello.ma\/fr\/wp-content\/uploads\/2020\/05\/01.jpg\" title=\"\" alt=\"\" loading=\"lazy\" \/>\t\t\t\t\t\t\t\t\t\t\t\t\t\t\t<\/div>\n\t\t\t\t<\/div>\n\t\t\t\t\t<\/div>\n\t\t<\/div>\n\t\t\t\t<div class=\"elementor-column elementor-col-50 elementor-inner-column elementor-element elementor-element-6aad4289\" data-id=\"6aad4289\" data-element_type=\"column\" data-e-type=\"column\">\n\t\t\t<div class=\"elementor-widget-wrap elementor-element-populated\">\n\t\t\t\t\t\t<div class=\"elementor-element elementor-element-2034cba2 elementor-widget elementor-widget-heading\" data-id=\"2034cba2\" data-element_type=\"widget\" data-e-type=\"widget\" data-widget_type=\"heading.default\">\n\t\t\t\t<div class=\"elementor-widget-container\">\n\t\t\t\t\t<h2 class=\"elementor-heading-title elementor-size-default\">les possibilit\u00e9s\n<b> de nos offres.<\/h2>\t\t\t\t<\/div>\n\t\t\t\t<\/div>\n\t\t\t\t<div class=\"elementor-element elementor-element-c974e93 elementor-widget elementor-widget-text-editor\" data-id=\"c974e93\" data-element_type=\"widget\" data-e-type=\"widget\" data-widget_type=\"text-editor.default\">\n\t\t\t\t<div class=\"elementor-widget-container\">\n\t\t\t\t\t\t\t\t\t<p>Une application innovante qui a remplac\u00e9 les maquettes traditionnelles am\u00e8ne la conversation du vendeur avec le client \u00e0 un autre niveau.<\/p><p>Les investissements n&#8217;ont jamais \u00e9t\u00e9 pr\u00e9sent\u00e9s avec autant de r\u00e9alisme.<\/p><p>\u00a0<\/p>\t\t\t\t\t\t\t\t<\/div>\n\t\t\t\t<\/div>\n\t\t\t\t\t<\/div>\n\t\t<\/div>\n\t\t\t\t\t<\/div>\n\t\t<\/section>\n\t\t\t\t<section class=\"elementor-section elementor-inner-section elementor-element elementor-element-161a48e elementor-section-boxed elementor-section-height-default elementor-section-height-default\" data-id=\"161a48e\" data-element_type=\"section\" data-e-type=\"section\" data-settings=\"{&quot;background_background&quot;:&quot;classic&quot;}\">\n\t\t\t\t\t\t<div class=\"elementor-container elementor-column-gap-default\">\n\t\t\t\t\t<div class=\"elementor-column elementor-col-100 elementor-inner-column elementor-element elementor-element-6511466\" data-id=\"6511466\" data-element_type=\"column\" data-e-type=\"column\">\n\t\t\t<div class=\"elementor-widget-wrap elementor-element-populated\">\n\t\t\t\t\t\t<div class=\"elementor-element elementor-element-751874d elementor-widget elementor-widget-heading\" data-id=\"751874d\" data-element_type=\"widget\" data-e-type=\"widget\" data-widget_type=\"heading.default\">\n\t\t\t\t<div class=\"elementor-widget-container\">\n\t\t\t\t\t<h2 class=\"elementor-heading-title elementor-size-default\">Contenu <b>dynamique<\/h2>\t\t\t\t<\/div>\n\t\t\t\t<\/div>\n\t\t\t\t<div class=\"elementor-element elementor-element-8fcdfd1 elementor-widget elementor-widget-text-editor\" data-id=\"8fcdfd1\" data-element_type=\"widget\" data-e-type=\"widget\" data-widget_type=\"text-editor.default\">\n\t\t\t\t<div class=\"elementor-widget-container\">\n\t\t\t\t\t\t\t\t\t<div>Les donn\u00e9es relatives au biens, tel que la superficie, l\u2019\u00e9tages, nombres de chambres, prix, ou autres sont directement li\u00e9es au CRM ainsi que la disponibilit\u00e9 qui permet au client de visiter sont future bien seulement si il est disponible.<\/div><div>\u00a0<\/div><div>Ainsi, cela pourrait \u00e9viter la frustration due au recherches sur des maquettes en papier.<\/div><p>\u00a0<\/p>\t\t\t\t\t\t\t\t<\/div>\n\t\t\t\t<\/div>\n\t\t\t\t<div class=\"elementor-element elementor-element-975d638 elementor-widget elementor-widget-image\" data-id=\"975d638\" data-element_type=\"widget\" data-e-type=\"widget\" data-widget_type=\"image.default\">\n\t\t\t\t<div class=\"elementor-widget-container\">\n\t\t\t\t\t\t\t\t\t\t\t\t\t\t\t<img data-recalc-dims=\"1\" decoding=\"async\" src=\"https:\/\/i0.wp.com\/www.digitello.ma\/fr\/wp-content\/uploads\/2020\/05\/DIGI-3D-PM-1.png\" title=\"\" alt=\"\" loading=\"lazy\" \/>\t\t\t\t\t\t\t\t\t\t\t\t\t\t\t<\/div>\n\t\t\t\t<\/div>\n\t\t\t\t\t<\/div>\n\t\t<\/div>\n\t\t\t\t\t<\/div>\n\t\t<\/section>\n\t\t\t\t\t<\/div>\n\t\t<\/div>\n\t\t\t\t\t<\/div>\n\t\t<\/section>\n\t\t\t\t<section class=\"elementor-section elementor-top-section elementor-element elementor-element-4330c9a1 elementor-section-boxed elementor-section-height-default elementor-section-height-default\" data-id=\"4330c9a1\" data-element_type=\"section\" data-e-type=\"section\" data-settings=\"{&quot;background_background&quot;:&quot;classic&quot;}\">\n\t\t\t\t\t\t<div class=\"elementor-container elementor-column-gap-default\">\n\t\t\t\t\t<div class=\"elementor-column elementor-col-100 elementor-top-column elementor-element elementor-element-175bc959\" data-id=\"175bc959\" data-element_type=\"column\" data-e-type=\"column\">\n\t\t\t<div class=\"elementor-widget-wrap elementor-element-populated\">\n\t\t\t\t\t\t<div class=\"elementor-element elementor-element-303a39d5 elementor-widget elementor-widget-heading\" data-id=\"303a39d5\" data-element_type=\"widget\" data-e-type=\"widget\" data-widget_type=\"heading.default\">\n\t\t\t\t<div class=\"elementor-widget-container\">\n\t\t\t\t\t<h2 class=\"elementor-heading-title elementor-size-default\"><B>CONTACTEZ<\/B> NOUS<\/h2>\t\t\t\t<\/div>\n\t\t\t\t<\/div>\n\t\t\t\t<div class=\"elementor-element elementor-element-112a16e9 elementor-button-align-stretch elementor-widget elementor-widget-form\" data-id=\"112a16e9\" data-element_type=\"widget\" data-e-type=\"widget\" data-settings=\"{&quot;button_width&quot;:&quot;100&quot;,&quot;step_next_label&quot;:&quot;Next&quot;,&quot;step_previous_label&quot;:&quot;Previous&quot;,&quot;step_type&quot;:&quot;number_text&quot;,&quot;step_icon_shape&quot;:&quot;circle&quot;}\" data-widget_type=\"form.default\">\n\t\t\t\t<div class=\"elementor-widget-container\">\n\t\t\t\t\t\t\t<form class=\"elementor-form\" method=\"post\" name=\"Contact\">\n\t\t\t<input type=\"hidden\" name=\"post_id\" value=\"251\"\/>\n\t\t\t<input type=\"hidden\" name=\"form_id\" value=\"112a16e9\"\/>\n\t\t\t<input type=\"hidden\" name=\"referer_title\" value=\"Digitello Solutions &amp; Technologies\" \/>\n\n\t\t\t\n\t\t\t<div class=\"elementor-form-fields-wrapper elementor-labels-above\">\n\t\t\t\t\t\t\t\t<div class=\"elementor-field-type-text elementor-field-group elementor-column elementor-field-group-name elementor-col-100\">\n\t\t\t\t\t\t\t\t\t\t\t\t<label for=\"form-field-name\" class=\"elementor-field-label\">\n\t\t\t\t\t\t\t\tNom\t\t\t\t\t\t\t<\/label>\n\t\t\t\t\t\t\t\t\t\t\t\t\t\t<input size=\"1\" type=\"text\" name=\"form_fields[name]\" id=\"form-field-name\" class=\"elementor-field elementor-size-sm  elementor-field-textual\" placeholder=\"Votre Nom\">\n\t\t\t\t\t\t\t\t\t\t\t<\/div>\n\t\t\t\t\t\t\t\t<div class=\"elementor-field-type-email elementor-field-group elementor-column elementor-field-group-email elementor-col-100 elementor-field-required\">\n\t\t\t\t\t\t\t\t\t\t\t\t<label for=\"form-field-email\" class=\"elementor-field-label\">\n\t\t\t\t\t\t\t\tEmail\t\t\t\t\t\t\t<\/label>\n\t\t\t\t\t\t\t\t\t\t\t\t\t\t<input size=\"1\" type=\"email\" name=\"form_fields[email]\" id=\"form-field-email\" class=\"elementor-field elementor-size-sm  elementor-field-textual\" placeholder=\"Votre Email\" required=\"required\" aria-required=\"true\">\n\t\t\t\t\t\t\t\t\t\t\t<\/div>\n\t\t\t\t\t\t\t\t<div class=\"elementor-field-type-textarea elementor-field-group elementor-column elementor-field-group-message elementor-col-100\">\n\t\t\t\t\t\t\t\t\t\t\t\t<label for=\"form-field-message\" class=\"elementor-field-label\">\n\t\t\t\t\t\t\t\tMessage\t\t\t\t\t\t\t<\/label>\n\t\t\t\t\t\t<textarea class=\"elementor-field-textual elementor-field  elementor-size-sm\" name=\"form_fields[message]\" id=\"form-field-message\" rows=\"4\" placeholder=\"Votre Message\"><\/textarea>\t\t\t\t<\/div>\n\t\t\t\t\t\t\t\t<div class=\"elementor-field-group elementor-column elementor-field-type-submit elementor-col-100 e-form__buttons\">\n\t\t\t\t\t<button type=\"submit\" class=\"elementor-button elementor-size-md elementor-animation-wobble-horizontal\">\n\t\t\t\t\t\t<span >\n\t\t\t\t\t\t\t\t\t\t\t\t\t\t\t<span class=\" elementor-button-icon\">\n\t\t\t\t\t\t\t\t\t\t\t\t\t\t\t\t\t\t\t\t\t\t\t\t\t\t<\/span>\n\t\t\t\t\t\t\t\t\t\t\t\t\t\t\t\t\t\t\t\t\t\t<span class=\"elementor-button-text\">ENVOYER<\/span>\n\t\t\t\t\t\t\t\t\t\t\t\t\t<\/span>\n\t\t\t\t\t<\/button>\n\t\t\t\t<\/div>\n\t\t\t<\/div>\n\t\t<\/form>\n\t\t\t\t\t\t<\/div>\n\t\t\t\t<\/div>\n\t\t\t\t<div class=\"elementor-element elementor-element-7724f852 elementor-widget elementor-widget-spacer\" data-id=\"7724f852\" data-element_type=\"widget\" data-e-type=\"widget\" data-widget_type=\"spacer.default\">\n\t\t\t\t<div class=\"elementor-widget-container\">\n\t\t\t\t\t\t\t<div class=\"elementor-spacer\">\n\t\t\t<div class=\"elementor-spacer-inner\"><\/div>\n\t\t<\/div>\n\t\t\t\t\t\t<\/div>\n\t\t\t\t<\/div>\n\t\t\t\t\t<\/div>\n\t\t<\/div>\n\t\t\t\t\t<\/div>\n\t\t<\/section>\n\t\t\t\t<\/div>\n\t\t","protected":false},"excerpt":{"rendered":"<p>Pr\u00e9sentation interactive de vos biens Un outil de vente r\u00e9volutionnaire pour les bureaux de vente, Showroom et agence immobiliere. Nous avons cr\u00e9\u00e9 un outil qui donne aux promoteurs immobiliers la possibilit\u00e9 de pr\u00e9senter leurs projets de mani\u00e8re belle et interactive .L&#8217;application fonctionne \u00e0 la fois sur les \u00e9crans tactiles du bureau des ventes et sur [&hellip;]<\/p>\n","protected":false},"author":1,"featured_media":0,"parent":0,"menu_order":0,"comment_status":"closed","ping_status":"closed","template":"elementor_header_footer","meta":{"nf_dc_page":"","om_disable_all_campaigns":false,"_monsterinsights_skip_tracking":false,"_monsterinsights_sitenote_active":false,"_monsterinsights_sitenote_note":"","_monsterinsights_sitenote_category":0,"footnotes":""},"class_list":["post-251","page","type-page","status-publish","hentry"],"yoast_head":"<!-- This site is optimized with the Yoast SEO plugin v27.4 - https:\/\/yoast.com\/product\/yoast-seo-wordpress\/ -->\n<title>Digi3d - Digitello Solutions &amp; Technologies<\/title>\n<meta name=\"description\" content=\"Bornes Interactives, Murs d&#039;images, Solution Affichage Num\u00e9rique Dynamique et Kiosques Interactifs. Affichage dynamique Maroc \u2013 LMS, e-learning, 3D immobilier\" \/>\n<meta name=\"robots\" content=\"index, follow, max-snippet:-1, max-image-preview:large, max-video-preview:-1\" \/>\n<link rel=\"canonical\" href=\"https:\/\/digitello.tech\/?page_id=251\" \/>\n<meta property=\"og:locale\" content=\"en_US\" \/>\n<meta property=\"og:type\" content=\"article\" \/>\n<meta property=\"og:title\" content=\"Digi3d - Digitello Solutions &amp; Technologies\" \/>\n<meta property=\"og:description\" content=\"Bornes Interactives, Murs d&#039;images, Solution Affichage Num\u00e9rique Dynamique et Kiosques Interactifs. Affichage dynamique Maroc \u2013 LMS, e-learning, 3D immobilier\" \/>\n<meta property=\"og:url\" content=\"https:\/\/digitello.tech\/?page_id=251\" \/>\n<meta property=\"og:site_name\" content=\"Digitello Solutions &amp; Technologies\" \/>\n<meta property=\"og:image\" content=\"http:\/\/www.digitello.ma\/fr\/wp-content\/uploads\/2020\/05\/01-e1590209956657.jpg\" \/>\n<meta name=\"twitter:card\" content=\"summary_large_image\" \/>\n<meta name=\"twitter:label1\" content=\"Est. reading time\" \/>\n\t<meta name=\"twitter:data1\" content=\"1 minute\" \/>\n<script type=\"application\/ld+json\" class=\"yoast-schema-graph\">{\"@context\":\"https:\\\/\\\/schema.org\",\"@graph\":[{\"@type\":\"WebPage\",\"@id\":\"https:\\\/\\\/digitello.tech\\\/?page_id=251\",\"url\":\"https:\\\/\\\/digitello.tech\\\/?page_id=251\",\"name\":\"Digi3d - Digitello Solutions &amp; Technologies\",\"isPartOf\":{\"@id\":\"https:\\\/\\\/www.digitello.tech\\\/fr\\\/#website\"},\"primaryImageOfPage\":{\"@id\":\"https:\\\/\\\/digitello.tech\\\/?page_id=251#primaryimage\"},\"image\":{\"@id\":\"https:\\\/\\\/digitello.tech\\\/?page_id=251#primaryimage\"},\"thumbnailUrl\":\"http:\\\/\\\/www.digitello.ma\\\/fr\\\/wp-content\\\/uploads\\\/2020\\\/05\\\/01-e1590209956657.jpg\",\"datePublished\":\"2020-04-25T03:07:18+00:00\",\"description\":\"Bornes Interactives, Murs d'images, Solution Affichage Num\u00e9rique Dynamique et Kiosques Interactifs. Affichage dynamique Maroc \u2013 LMS, e-learning, 3D immobilier\",\"breadcrumb\":{\"@id\":\"https:\\\/\\\/digitello.tech\\\/?page_id=251#breadcrumb\"},\"inLanguage\":\"en-US\",\"potentialAction\":[{\"@type\":\"ReadAction\",\"target\":[\"https:\\\/\\\/digitello.tech\\\/?page_id=251\"]}]},{\"@type\":\"ImageObject\",\"inLanguage\":\"en-US\",\"@id\":\"https:\\\/\\\/digitello.tech\\\/?page_id=251#primaryimage\",\"url\":\"http:\\\/\\\/www.digitello.ma\\\/fr\\\/wp-content\\\/uploads\\\/2020\\\/05\\\/01-e1590209956657.jpg\",\"contentUrl\":\"http:\\\/\\\/www.digitello.ma\\\/fr\\\/wp-content\\\/uploads\\\/2020\\\/05\\\/01-e1590209956657.jpg\"},{\"@type\":\"BreadcrumbList\",\"@id\":\"https:\\\/\\\/digitello.tech\\\/?page_id=251#breadcrumb\",\"itemListElement\":[{\"@type\":\"ListItem\",\"position\":1,\"name\":\"Home\",\"item\":\"https:\\\/\\\/digitello.tech\\\/\"},{\"@type\":\"ListItem\",\"position\":2,\"name\":\"Digi3d\"}]},{\"@type\":\"WebSite\",\"@id\":\"https:\\\/\\\/www.digitello.tech\\\/fr\\\/#website\",\"url\":\"https:\\\/\\\/www.digitello.tech\\\/fr\\\/\",\"name\":\"Digitello Solutions &amp; Technologies\",\"description\":\"Intelligent &amp; Dynamic\",\"publisher\":{\"@id\":\"https:\\\/\\\/www.digitello.tech\\\/fr\\\/#organization\"},\"potentialAction\":[{\"@type\":\"SearchAction\",\"target\":{\"@type\":\"EntryPoint\",\"urlTemplate\":\"https:\\\/\\\/www.digitello.tech\\\/fr\\\/?s={search_term_string}\"},\"query-input\":{\"@type\":\"PropertyValueSpecification\",\"valueRequired\":true,\"valueName\":\"search_term_string\"}}],\"inLanguage\":\"en-US\"},{\"@type\":\"Organization\",\"@id\":\"https:\\\/\\\/www.digitello.tech\\\/fr\\\/#organization\",\"name\":\"Digitello Solutions &amp; Technologies\",\"url\":\"https:\\\/\\\/www.digitello.tech\\\/fr\\\/\",\"logo\":{\"@type\":\"ImageObject\",\"inLanguage\":\"en-US\",\"@id\":\"https:\\\/\\\/www.digitello.tech\\\/fr\\\/#\\\/schema\\\/logo\\\/image\\\/\",\"url\":\"https:\\\/\\\/i0.wp.com\\\/digitello.tech\\\/wp-content\\\/uploads\\\/2022\\\/12\\\/cropped-Asset-17.png?fit=326%2C110&ssl=1\",\"contentUrl\":\"https:\\\/\\\/i0.wp.com\\\/digitello.tech\\\/wp-content\\\/uploads\\\/2022\\\/12\\\/cropped-Asset-17.png?fit=326%2C110&ssl=1\",\"width\":326,\"height\":110,\"caption\":\"Digitello Solutions &amp; Technologies\"},\"image\":{\"@id\":\"https:\\\/\\\/www.digitello.tech\\\/fr\\\/#\\\/schema\\\/logo\\\/image\\\/\"}}]}<\/script>\n<!-- \/ Yoast SEO plugin. -->","yoast_head_json":{"title":"Digi3d - Digitello Solutions &amp; Technologies","description":"Bornes Interactives, Murs d'images, Solution Affichage Num\u00e9rique Dynamique et Kiosques Interactifs. Affichage dynamique Maroc \u2013 LMS, e-learning, 3D immobilier","robots":{"index":"index","follow":"follow","max-snippet":"max-snippet:-1","max-image-preview":"max-image-preview:large","max-video-preview":"max-video-preview:-1"},"canonical":"https:\/\/digitello.tech\/?page_id=251","og_locale":"en_US","og_type":"article","og_title":"Digi3d - Digitello Solutions &amp; Technologies","og_description":"Bornes Interactives, Murs d'images, Solution Affichage Num\u00e9rique Dynamique et Kiosques Interactifs. Affichage dynamique Maroc \u2013 LMS, e-learning, 3D immobilier","og_url":"https:\/\/digitello.tech\/?page_id=251","og_site_name":"Digitello Solutions &amp; Technologies","og_image":[{"url":"http:\/\/www.digitello.ma\/fr\/wp-content\/uploads\/2020\/05\/01-e1590209956657.jpg","type":"","width":"","height":""}],"twitter_card":"summary_large_image","twitter_misc":{"Est. reading time":"1 minute"},"schema":{"@context":"https:\/\/schema.org","@graph":[{"@type":"WebPage","@id":"https:\/\/digitello.tech\/?page_id=251","url":"https:\/\/digitello.tech\/?page_id=251","name":"Digi3d - Digitello Solutions &amp; Technologies","isPartOf":{"@id":"https:\/\/www.digitello.tech\/fr\/#website"},"primaryImageOfPage":{"@id":"https:\/\/digitello.tech\/?page_id=251#primaryimage"},"image":{"@id":"https:\/\/digitello.tech\/?page_id=251#primaryimage"},"thumbnailUrl":"http:\/\/www.digitello.ma\/fr\/wp-content\/uploads\/2020\/05\/01-e1590209956657.jpg","datePublished":"2020-04-25T03:07:18+00:00","description":"Bornes Interactives, Murs d'images, Solution Affichage Num\u00e9rique Dynamique et Kiosques Interactifs. Affichage dynamique Maroc \u2013 LMS, e-learning, 3D immobilier","breadcrumb":{"@id":"https:\/\/digitello.tech\/?page_id=251#breadcrumb"},"inLanguage":"en-US","potentialAction":[{"@type":"ReadAction","target":["https:\/\/digitello.tech\/?page_id=251"]}]},{"@type":"ImageObject","inLanguage":"en-US","@id":"https:\/\/digitello.tech\/?page_id=251#primaryimage","url":"http:\/\/www.digitello.ma\/fr\/wp-content\/uploads\/2020\/05\/01-e1590209956657.jpg","contentUrl":"http:\/\/www.digitello.ma\/fr\/wp-content\/uploads\/2020\/05\/01-e1590209956657.jpg"},{"@type":"BreadcrumbList","@id":"https:\/\/digitello.tech\/?page_id=251#breadcrumb","itemListElement":[{"@type":"ListItem","position":1,"name":"Home","item":"https:\/\/digitello.tech\/"},{"@type":"ListItem","position":2,"name":"Digi3d"}]},{"@type":"WebSite","@id":"https:\/\/www.digitello.tech\/fr\/#website","url":"https:\/\/www.digitello.tech\/fr\/","name":"Digitello Solutions &amp; Technologies","description":"Intelligent &amp; Dynamic","publisher":{"@id":"https:\/\/www.digitello.tech\/fr\/#organization"},"potentialAction":[{"@type":"SearchAction","target":{"@type":"EntryPoint","urlTemplate":"https:\/\/www.digitello.tech\/fr\/?s={search_term_string}"},"query-input":{"@type":"PropertyValueSpecification","valueRequired":true,"valueName":"search_term_string"}}],"inLanguage":"en-US"},{"@type":"Organization","@id":"https:\/\/www.digitello.tech\/fr\/#organization","name":"Digitello Solutions &amp; Technologies","url":"https:\/\/www.digitello.tech\/fr\/","logo":{"@type":"ImageObject","inLanguage":"en-US","@id":"https:\/\/www.digitello.tech\/fr\/#\/schema\/logo\/image\/","url":"https:\/\/i0.wp.com\/digitello.tech\/wp-content\/uploads\/2022\/12\/cropped-Asset-17.png?fit=326%2C110&ssl=1","contentUrl":"https:\/\/i0.wp.com\/digitello.tech\/wp-content\/uploads\/2022\/12\/cropped-Asset-17.png?fit=326%2C110&ssl=1","width":326,"height":110,"caption":"Digitello Solutions &amp; Technologies"},"image":{"@id":"https:\/\/www.digitello.tech\/fr\/#\/schema\/logo\/image\/"}}]}},"jetpack_sharing_enabled":true,"_links":{"self":[{"href":"https:\/\/digitello.tech\/index.php?rest_route=\/wp\/v2\/pages\/251","targetHints":{"allow":["GET"]}}],"collection":[{"href":"https:\/\/digitello.tech\/index.php?rest_route=\/wp\/v2\/pages"}],"about":[{"href":"https:\/\/digitello.tech\/index.php?rest_route=\/wp\/v2\/types\/page"}],"author":[{"embeddable":true,"href":"https:\/\/digitello.tech\/index.php?rest_route=\/wp\/v2\/users\/1"}],"replies":[{"embeddable":true,"href":"https:\/\/digitello.tech\/index.php?rest_route=%2Fwp%2Fv2%2Fcomments&post=251"}],"version-history":[{"count":0,"href":"https:\/\/digitello.tech\/index.php?rest_route=\/wp\/v2\/pages\/251\/revisions"}],"wp:attachment":[{"href":"https:\/\/digitello.tech\/index.php?rest_route=%2Fwp%2Fv2%2Fmedia&parent=251"}],"curies":[{"name":"wp","href":"https:\/\/api.w.org\/{rel}","templated":true}]}}